 number?
False
Let r(n) = n**2 - 9*n - 42. Let t be r(14). Is ((-1)/(-3))/(t/3970428) a prime number?
False
Let w(k) = 117*k**3 + 9*k**2 - 4*k - 10. Is w(6) prime?
False
Let f = -816912 + 1145825. Is f a composite number?
True
Let g be 2/13 + 2/((-546)/(-38451)). Suppose -3*s + 158 = -52. Let v = s + g. Is v a composite number?
False
Let t = 1215 - 695. Suppose 0 = -22*s + 1845 - 7257. Let c = s + t. Is c composite?
True
Suppose -2*v - 21*p + 26*p = -151, 3*p - 59 = -v. Suppose 88*k = v*k + 143740. Is k a composite number?
False
Suppose -4*v = 7*d - 512319, -2*d + 4*v + 160658 = 14276. Is d composite?
False
Suppose -141*n = -4356529 + 1128898. Is n prime?
False
Let v be 6*((-4)/16)/(6/(-16)). Suppose 0 = -p + v*g + 1343, p = g + 1025 + 333. Is p a composite number?
True
Is 130388/21 + (-390)/(-8190) a composite number?
True
Is (15/(-2) + 1194/199)/(6/(-541196)) a prime number?
False
Suppose -r + 52142 = 4*d, -39097 = -3*d + r + 3*r. Suppose d = 3*o + 738. Is o a prime number?
True
Let x = -415 + 419. Is ((-30)/x + 4)*-194 composite?
True
Let w(n) = 3*n + 3*n**2 + 397 + n**3 - 16 - 3*n**2. Is w(0) a prime number?
False
Suppose 2*w + 10 = 0, -16320 = -8*g + 3*g - 3*w. Let p = -713 - -717. Suppose -t = 2*a - 3039, 3*a - g = p*t + 1264. Is a a prime number?
False
Let c(l) = l**3 + 21. Let y be c(0). Is (-2)/(-4)*(y - -16581) composite?
True
Let m be -4*(28647/(-12) + -2). Suppose 4*b - m = 4*s + s, 9575 = 4*b + s. Is b a composite number?
False
Suppose 0 = 3*v + 5*o - 2993, -2*o = 5*v - 0*o - 4982. Let z = -469 + v. Is z prime?
False
Is 34*614 - (-1)/(2/(-6)) prime?
True
Suppose -7*m = -4152 - 5480. Let j = -763 + m. Is j composite?
False
Suppose -7*n + 747 - 271 = 0. Is (-2 - -1)*(1 - n) a prime number?
True
Suppose 0 = 5*i + 4*v - 15947, 44*i - 2*v = 45*i - 3187. Suppose -2*j - 2*d = -1588, -13*d + 12*d + i = 4*j. Is j prime?
False
Let f(k) = 12*k**2 + 10*k**2 - 33*k + 97 - 23*k - 21*k. Is f(32) composite?
False
Let z(x) = -x**2 + 10*x + 2. Let f(y) = -y**2 + 8*y + 3. Let u be f(7). Let j be z(u). Suppose 4*n = 5*w - 681, -w - w + j*n = -274. Is w prime?
False
Let u be ((-21)/6 + -5)/(1/(-6)). Suppose -u*y + 54*y - 18777 = 0. Is y a composite number?
True
Let s be (1/2)/(1/6). Suppose -11132 = 162*p - 166*p. Suppose 2*g - p = -5*f, g + 2315 = s*f + 643. Is f composite?
False
Let m = -308 - -645. Suppose 934 = z - m. Suppose -4*a + 2*j + 1013 + z = 0, -1713 = -3*a + 4*j. Is a a prime number?
True
Let p(j) = -732*j - 67. Let m be -1*((-4)/5)/(4/70). Suppose h + r + m = -0*r, -r = 2*h + 25. Is p(h) a prime number?
False
Suppose 218*a - 221*a - 3*f = -2777466, 0 = 3*a - 5*f - 2777474. Is a a composite number?
False
Let o be (-1 + 1 + -1)*1. Let m(n) = 1084*n**3 + 2*n**2 - n - 2. Let b be m(o). Let i = b + 1716. Is i prime?
False
Suppose 8*r = 11*r - 45. Let h(m) = -4*m**3 + 7*m - 8 + 0*m**3 + r*m**2 + 10*m**3 - 7*m**3. Is h(9) a prime number?
True
Suppose 67825253 = 50*s - 1798647. Is s composite?
True
Suppose -151*o - 43674 = -157*o. Let n = o + 2440. Is n a prime number?
True
Is ((-72784581)/63)/(-23) + 4/42 prime?
True
Suppose g - 1208 = -5*i, -3*g + 3624 = -i - 3*i. Suppose 0 = -k - 5*f - 0*f + g, 0 = f - 3. Is (-4)/6 - 2*k/(-6) prime?
True
Let b = 1023917 - -546460. Is b a prime number?
False
Let d be 3 - (-2 + 2)/1. Let m(z) = 34*z + 15. Let g be m(d). Suppose g = 2*t - p - 4*p, 4*p = 5*t - 335. Is t prime?
True
Suppose -6082 = -16*m - 604498. Let d = 53107 + m. Is d composite?
True
Let s = 4430 + -2277. Is s prime?
True
Suppose -162*o + 114*o + 119*o - 10620251 = 0. Is o a composite number?
True
Let i = -295712 + 586591. Is i a composite number?
False
Is -4 - ((-17 - -2) + -158018) a prime number?
True
Let o = 259420 - -15059. Is o prime?
False
Let r = -181 - -181. Is r + (-536)/6*174/(-8) prime?
False
Let x(m) = -4*m**3 - 11*m**2 + 10*m + 26. Let d be x(-6). Let j = d - 208. Is j prime?
False
Let p be 21670/3*(18 + -15). Suppose -p - 4097 = -9*o. Is o a prime number?
False
Let p = -1103 - -1627. Suppose 555*z = 553*z + p. Is z prime?
False
Let i(n) = 2426*n - 4 + 1358*n + 347*n. Let r be i(4). Suppose 3*w - 11694 = 3*p, -r + 4826 = -3*w - 4*p. Is w composite?
True
Let m = -236 + 247. Suppose m*o + 43 - 5422 = 0. Is o composite?
True
Suppose 4*b - 3*b + 2*w = 849, 2*w = 5*b - 4221. Let v = 4083 - b. Is 4 - v/(-2 + 0) a composite number?
True
Let c(l) = 2*l**2 - 9*l + 15. Let n be c(3). Suppose n*s - 10095 = s + 5*k, 5*s - 10115 = -5*k. Is s composite?
True
Suppose -5592558 = -39*h - 1238793. Suppose h = 14*j + 42153. Is j a prime number?
False
Suppose -12*m + 4*m = -456. Suppose 62*n - 16930 = m*n. Is n composite?
True
Suppose 408038 = 5*o - k + 64654, -1 = -k. Is o a prime number?
False
Let f(g) = 119754*g - 47. Is f(10) composite?
True
Let t = -148220 - -499327. Is t a composite number?
True
Let s be (-5)/(-3) - 1/(-3). Suppose -n = f - 1, -3*n = s*n - 5*f + 5. Suppose -c + 2*c - 1361 = n. Is c prime?
True
Let w(p) = -p**3 + 11*p**2 + 24*p + 47. Let m(f) = 5*f**3 - 34*f**2 - 71*f - 141. Let x(u) = -3*m(u) - 8*w(u). Is x(-5) composite?
True
Let q(u) = 3*u**3 + u**2 + 14*u + 15. Suppose 32 = 7*h + 18. Let s be h - (-2 - (-6)/(-2)). Is q(s) a composite number?
True
Let v be ((-3)/6)/(1/(-2))*5. Let y(p) = 2*p + 1 - v + p**2 + 0*p + p. Is y(-6) prime?
False
Let c(q) = 21*q + 206. Let y be c(-9). Let v be (-1)/((-10)/4 + 2). Suppose 0 = v*r - y*r + 7545. Is r prime?
True
Is (-52)/130*20 + (-79797)/(-3) prime?
True
Let m(h) = 190*h + 1661. Is m(-7) prime?
True
Let j = -40 - -38. Let t be (-2)/((-14)/6155) + j/7. Suppose -3*x - 5*i = -819 - t, -12 = 4*i. Is x prime?
True
Let y(k) = k**3 + 10*k**2 + 26*k + 10. Let t be y(-5). Suppose -2*b - t*b + 3787 = 0. Is b composite?
False
Let v(t) = 7611*t + 2509. Is v(14) prime?
True
Suppose 5*u + 9096 + 3676 = 4*x, -5*x = -5*u - 15965. Let p = -1452 + x. Is p a composite number?
False
Let c = 238 + -236. Suppose c*k + 0*k = 28374. Is k composite?
True
Let r be 35/(-14)*1/((-10)/88432). Let a = -15347 + r. Is a prime?
True
Is -18 + 39 + -7 + 90053 prime?
True
Let y(z) = -2*z + 45. Let r be y(22). Let n be ((-2)/4 + r)*(29 + -15). Suppose 5*v + 2*d = n*d + 335, 0 = 3*v - 4*d - 201. Is v a prime number?
True
Let d(l) = -4*l**3 + 9*l**2 + 91*l + 40. Is d(-13) a composite number?
True
Suppose b - l - 14 = 0, -l = -6*l - 20. Suppose 3*f = y + y - b, 0 = -5*y - 2*f + 25. Is y/(5/(-3)) - -772 prime?
True
Suppose -137*k - 11*k = -16818572. Is k a composite number?
True
Let h be (20/(-8))/((-9)/(-2))*-9. Suppose 0*v = -2*p - 4*v + 82954, -3*p - h*v + 124436 = 0. Is p prime?
False
Suppose -47*m + 4420 = -1266601. Is m a composite number?
False
Let i = 70563 - -15836. Is i prime?
True
Let r(y) = -429*y - 93. Let a be r(21). Let g = a - -14231. Is g prime?
False
Is ((-116)/6)/((-34)/14331) prime?
False
Suppose -110 - 304 = -6*l. Is 7965 - (l/(-18) - (-8)/(-48)) composite?
True
Is 5 - (18 - 22 - 248665) composite?
True
Let b(o) = 588*o**3 - 17*o**2 + 51*o - 111. Is b(11) prime?
True
Let m = -24 + 31. Let v(a) = 34*a - 19. Let k be v(m). Suppose 3*h - 1218 = k. Is h a composite number?
False
Let f(m) = 2*m - 6. Let g be f(10). Let c(l) = l**3 - 17*l**2 + 33*l + 14. Let b be c(g). Is (b/(-40))/(4/4670) a composite number?
True
Let w(i) = 5*i**3 - 14*i**2 - 2*i + 29. Suppose -q + 5*o + 2 = 0, -42 = -3*q - 5*o + 2*o. Is w(q) composite?
True
Let l(v) = 6521*v**2 - 506*v - 5715. Is l(-12) a prime number?
False
Let v(o) = -31 - 5*o**2 + 26*o + 41 - 29. Let a be v(21). Is (21/42)/((-1)/a) composite?
False
Let g(v) = v**3 - 17*v**2 - 3*v + 52. Let w be g(17). Is 112458/15 + w - 12/(-15) composite?
False
Let a be ((-1155)/(-12))/((-12)/(-240)). Is -8 + a + 2 + (3 - 1) composite?
True
Let d = 9717 - 5340. Suppose 2*s = x + 14100 - d, -3*s + 14581 = 2*x. Is s a composite number?
False
Let s = -3 + 4. Let y be (5/(-4) - -1) + s/4. Suppose y = 16*x - 14*x - 1594. Is x a composite number?
False
Suppose p - 14826 - 23941 = 2*r, -p + 3*r = -38769. Suppose -15*a = -24*a + p. Is a a prime number?
False
Let b(v) = -2263*v**3 - 2*v**2 - 3*v - 2. Let o be b(-1). Suppose -2*c + o = -460. Is c a prime number?
True
Suppose -2*f + 1048 = -3*f. Let g = f - -7445. Is g a prime number?
True
Let w = 993 - 955. Is (57/w)/((-3)/(-28412)) a prime n